, 3*x - 5 = 2*o + 2*o. Let l = 14 + x. What is the remainder when l is divided by 13?
8
Suppose 2*j - 57 = -5*q, -4*q - 28*j + 78 = -21*j. Calculate the remainder when 2309 is divided by q.
5
Let c = 163 - 111. Let k = -15 + -6. Let t = k - -224. Calculate the remainder when t is divided by c.
47
Suppose 11*m + 98*m - 10301 = 1689. Calculate the remainder when 928 is divided by m.
48
Calculate the remainder when 476 is divided by (1 + -81)/(((-2)/10)/((-75)/(-375))).
76
Let d = 47 - 27. Suppose 6*q = 11*q - d. Suppose -106 = -g - q*b, -3*g - 2*g + 492 = b. What is the remainder when g is divided by 33?
32
Let h(n) = -177*n + 580. Calculate the remainder when h(0) is divided by 78.
34
Let v(l) = 2*l + 232. Let q(g) = g + 118. Let d(n) = -11*q(n) + 6*v(n). Calculate the remainder when d(-21) is divided by 12.
1
Suppose 4*b = -2*x + 717 - 173, x - b = 293. Calculate the remainder when x is divided by 27.
16
Suppose -63168 = -1021*q + 833*q. What is the remainder when q is divided by 21?
0
Suppose 4*y - 3*q + 47 = 0, -q = -16*y + 15*y - 12. What is the remainder when (y + 247)/((-4)/(2 + -4)) is divided by 32?
22
Let g(d) = 30*d + 55*d**2 - 1 + 10 - 2*d**3 - 65 + 2*d - 11. Calculate the remainder when 163 is divided by g(28).
28
Suppose 3*x + 4*l = 699, 2*x + 117 = -2*l + 587. Calculate the remainder when x is divided by 236.
5
Suppose 48*i - 52*i = -8. Let o be ((-9)/1)/(i/134). Calculate the remainder when 98 is divided by (-2)/8 - o/12.
48
Let c(f) = -f**2 - 7*f - 6. Let d be c(-4). Let o be 8/(-12)*d - -9. Suppose 20 = -o*p, 3*x = p + 13 + 6. Calculate the remainder when 24 is divided by x.
4
Suppose -42*h + 45336 = -13968. Calculate the remainder when h is divided by 5.
2
Let v = -5296 + 5436. What is the remainder when 807 is divided by v?
107
Suppose 4*f + v = 50, -68 = -4*f - 4*v - 12. Suppose -r = -3*r - 968. What is the remainder when (-5)/(-15) - r/6 is divided by f?
9
Suppose u - 5*g - 50 = 0, 13*g = -4*u + 10*g + 223. Let t = u - -107. What is the remainder when t is divided by 8?
2
Let v(p) = p**2 - 7*p - 12. Suppose -138 = 4*i - 146. What is the remainder when 15*i*21/14 is divided by v(9)?
3
Suppose -2*l + a + 313 = 0, 3*a - 2*a - 311 = -2*l. Suppose -4*j - l = -4*q, q + 3*j - 66 = -23. Calculate the remainder when 198 is divided by q.
38
Suppose 2*q + 2*o = -3*o + 19, 5*o = 15. Suppose 103*h - 5298 = -664*h + 3139. What is the remainder when 72*q*1/4 is divided by h?
3
Calculate the remainder when 1*8 + 4 + -6 + (-9177)/(-57) is divided by 72.
23
Suppose -11*y = -15*y + 16. Suppose -4*p = v - y*v + 38, 4*v - p = 29. Calculate the remainder when 6 is divided by v.
0
Calculate the remainder when ((-1037)/85 - -13)/(7/(53235/6)) is divided by 85.
79
Let s(m) = 2*m**2 - 69*m - 35. Let c be s(28). Let f = 232 - c. What is the remainder when f is divided by 79?
78
Suppose -8 = -2*i, -5*q + 4*i = -i + 10. Suppose -2*s + s + 34 = 0. Suppose 0*d - q*d = -s. Calculate the remainder when d is divided by 5.
2
Suppose 4*j + 63*j + 11*j - 1794 = 0. What is the remainder when 14327 is divided by j?
21
Let w = 3427 + -2820. What is the remainder when w is divided by 56?
47
Let a(j) = 2*j + 1809. What is the remainder when a(24) is divided by 10?
7
Let t(z) = 100*z + 615. Calculate the remainder when 217 is divided by t(-6).
7
Let j(l) = -2*l + 24. Let s be j(12). Suppose s = -3*i + 193 + 56. Let t = -47 + i. Calculate the remainder when t is divided by 12.
0
Suppose 18 = 2*n + 2. Let t(s) = -116*s + 1427. Calculate the remainder when t(12) is divided by n.
3
Let v(n) be the second derivative of n**5/10 - 2*n**4/3 - 7*n**3/3 + 17*n**2/2 + 71*n. What is the remainder when v(6) is divided by 21?
14
Suppose 0 = -74*i + 1360 + 1822. Calculate the remainder when 45 is divided by i.
2
Let j(y) = -y**3 - 16*y**2 - 18*y + 19. Let k be j(-15). Suppose -i - k - 63 = 0. Let t = -64 - i. What is the remainder when t is divided by 33?
30
What is the remainder when 326 is divided by 14/(-4)*(-3002)/553?
3
Let k(q) = 13*q**2 - 218*q - 40. What is the remainder when k(19) is divided by 103?
99
Suppose 3*y = 45 + 321. Suppose -124*a + y*a = -16. Suppose -3*r + 15 = -75. What is the remainder when r is divided by a?
6
Suppose 0 = -7*m + 44 + 5. Suppose -11*x + m*x - 12 = 0. What is the remainder when 107 is divided by x*(-1)/(-4) + (-777)/(-28)?
26
Let l = -1690 + 883. Let g = 824 + l. Calculate the remainder when 21 is divided by g.
4
Let v(r) = -3528*r**3 + r**2 + 6*r + 4. Calculate the remainder when v(-1) is divided by 252.
251
Suppose 45*g + 780 - 1230 = 0. Calculate the remainder when 30107 is divided by g.
7
Let h = 114 - 66. Let z = h + -48. Suppose 0 = -5*t - 5*d + 4*d + 121, -3*t + 2*d + 70 = z. What is the remainder when 46 is divided by t?
22
Let t = 6854 - 6230. Calculate the remainder when t is divided by 111.
69
Suppose -19*x = -20*x - o + 47, 23 = x - 3*o. Calculate the remainder when 2951 is divided by x.
40
Suppose 2*y + 1400 = -5*n + 17*n, -5*y = -n + 107. Calculate the remainder when 575 is divided by n.
107
Let x = -27 + 42. Suppose 7*g - 3*g - 472 = 0. Suppose 102 = 4*p - g. What is the remainder when p is divided by x?
10
Let f be 32/144 + (2 - 16233/27). Let m = -589 - f. Calculate the remainder when (-240)/(-9) + (-1)/(-3) is divided by m.
7
Let w(u) = -u - 26. Let v be w(-11). Let z be 4/(-10) - (4 - (-741)/v). Suppose 75 + z = 4*d. Calculate the remainder when 88 is divided by d.
28
Suppose -4*i + 18 = 3*g, 6*g - 2*g - i - 5 = 0. What is the remainder when 76 is divided by (-10)/g - -16*(4 + -2)?
22
Let l(p) = 2*p**3 - 3*p**2. Let c(j) = 6*j**2 + 1011*j - 2021. What is the remainder when c(2) is divided by l(2)?
1
Let o(q) = -q**3 - 8*q**2 - 32*q - 222. What is the remainder when o(-9) is divided by 31 - 0 - (4 + -3)?
27
Suppose -694 + 1723 = 42*l + 7*l. Calculate the remainder when 2960 is divided by l.
20
Let v = 131 - 146. Let m(a) be the first derivative of -5*a**2/2 - 32*a - 7. What is the remainder when m(v) is divided by 11?
10
Let r(j) = -9*j - 71. Let x = -159 - -148. What is the remainder when 69 is divided by r(x)?
13
Suppose -11*o - 1658 = 4*y - 6*o, 2*y + 5*o = -834. Let d = y - -421. What is the remainder when 67 is divided by d?
4
Let k = 88 - -14. Let y(q) = -29*q**2 - 221*q + 115. Calculate the remainder when k is divided by y(-8).
21
Let s(x) = 136*x + 24. What is the remainder when s(7) is divided by 487?
2
Let w(l) = -2 + l**3 - 7 + 8 + 25*l - 11 - 13*l**2. Calculate the remainder when w(13) is divided by 21.
19
Let z = 2004 + -1968. Let t be (-86)/(-3) - 2/3. Let u = z - t. Calculate the remainder when 20 is divided by u.
4
Let t(f) = f**3 - 12*f**2 + 28*f + 29. Calculate the remainder when 98 is divided by t(9).
22
Let h = -306 + 302. What is the remainder when ((h + 8 - 9) + 43)*1 is divided by 21?
17
Calculate the remainder when 847 is divided by (0 + (-68)/14)/(1/(-7)).
31
Let f be 3*6*-3*(-78)/(-36). Let k = f - -162. Suppose -7*y + 60 = -2*y. Calculate the remainder when k is divided by y.
9
Let w(y) = 85*y**2 + 9*y + 14. Let i be w(-2). Let a = -99 + i. Calculate the remainder when a is divided by 15.
12
Let h(u) = -u + 8. What is the remainder when -12 + -18 + 305 + (-4)/1 is divided by h(-5)?
11
Let p(c) = 3*c**3 - 85*c**2 + 38*c - 63. What is the remainder when 229 is divided by p(28)?
12
Suppose -2*a - 139 = -3*w, 3*w + 59*a = 57*a + 131. What is the remainder when 713 is divided by w?
38
Suppose 12 = 5*c - c. Let m be c*-1 + (0 - -5). Calculate the remainder when m - 6 - (-46)/1 is divided by 22.
20
Let k = 21 + 29. Suppose 52*i - k*i = 0. Suppose 4*z - 235 + 27 = i. What is the remainder when z is divided by 14?
10
Suppose 2*z = -5*b + 56, 49 - 9 = 4*b + 4*z. Let g be (-196)/b - (-4)/(-6). Let c = g + 48. What is the remainder when c is divided by 11?
9
Let r(i) = 10*i + 183. Calculate the remainder when r(3) is divided by 19.
4
Suppose 4*m - 7*m = g - 22, -10 = 2*g. Suppose -n - 4*x + 798 = -m*x, 1635 = 2*n + 3*x. What is the remainder when n is divided by 16?
13
Suppose -8881*l + 8866*l + 17640 = 0. What is the remainder when l is divided by 31?
29
Let s(d) = d**2 - 28*d - 7. Let y(i) = -i**2 + 16*i + 110. Let o be y(20). Let m = 1 - -17. What is the remainder when s(o) is divided by m?
17
Suppose 